hat is -11 + 1022000212022102?
1022000212022021
In base 6, what is -113021214 - 12?
-113021230
In base 15, what is 94c13a - -4c?
94c187
In base 6, what is -1132205425 - -2?
-1132205423
In base 16, what is -2f9 + 30030?
2fd37
In base 11, what is -642 + -6650a?
-67051
In base 4, what is -323013131232 - 3?
-323013131301
In base 12, what is -2409082a + -5?
-24090833
In base 15, what is 1195665 - 7?
119565d
In base 15, what is -338b0a6 - 20?
-338b0c6
In base 7, what is -11026065 - 232?
-11026330
In base 12, what is -b9ab02a + 1?
-b9ab029
In base 10, what is -103 - -1585131?
1585028
In base 11, what is 1092926 + 5?
1092930
In base 5, what is 103 - -233033144?
233033302
In base 8, what is -71 - 675626?
-675717
In base 3, what is 110210 + 1012?
111222
In base 8, what is -1404 - 1204557?
-1206163
In base 9, what is 24 + -127881?
-127856
In base 15, what is -19b4 + cae?
-c05
In base 13, what is -2 - -33c3bb6?
33c3bb4
In base 12, what is 201a1a1 + 1?
201a1a2
In base 9, what is -84726 - 21010?
-115736
In base 10, what is -39909288 + -1?
-39909289
In base 11, what is -1258aaa4 + 3?
-1258aaa1
In base 7, what is 5461 + -263616?
-255125
In base 9, what is 37021 - -205?
37226
In base 15, what is -d770 - 234?
-d9a4
In base 14, what is -bb73 - -2104?
-9a6d
In base 5, what is -12224010043 - -4?
-12224010034
In base 10, what is -17 + -931191?
-931208
In base 9, what is -107784 + 237?
-107546
In base 5, what is 1013 + 1412412122?
1412413140
In base 5, what is -24342222 - 240?
-24343012
In base 8, what is 135746606 - -4?
135746612
In base 15, what is -89a + -29a3?
-334d
In base 10, what is 40 + -31603101?
-31603061
In base 15, what is -a - -121eac?
121ea2
In base 11, what is -36a0876 - -1a?
-36a0857
In base 11, what is 1 - -1936536?
1936537
In base 4, what is 322 - -110322010223?
110322011211
In base 16, what is f2c8 + -6c?
f25c
In base 7, what is -11232 - -135432?
124200
In base 8, what is 2 + 6126315?
6126317
In base 4, what is 13203302321 - 11?
13203302310
In base 11, what is -1068672 - 310?
-1068982
In base 7, what is 3 - -110156064?
110156100
In base 9, what is 5 + -443643?
-443637
In base 8, what is -16065375 - 42?
-16065437
In base 6, what is -235053501222 - 3?
-235053501225
In base 6, what is -12014524134 + -5?
-12014524143
In base 13, what is 1903 - 1200b?
-10408
In base 16, what is -5 + -ae881?
-ae886
In base 9, what is -5 + 81857788?
81857783
In base 6, what is 22 - 12314012?
-12313550
In base 4, what is -201023 - 32312?
-300001
In base 15, what is 2532b47 + 0?
2532b47
In base 5, what is -1031040 - 133113?
-1214203
In base 5, what is 4214 - 1241032?
-1231313
In base 15, what is 3 - -1673e4?
1673e7
In base 3, what is 102222111 + -102121110?
101001
In base 8, what is 21034512 - -34?
21034546
In base 13, what is 0 + 1431a0?
1431a0
In base 14, what is -2 - 9ba7a0?
-9ba7a2
In base 7, what is 61046 - -225421?
316500
In base 5, what is 101424241413 - 1?
101424241412
In base 9, what is 432170 + 63?
432243
In base 12, what is -51a5104 + -3?
-51a5107
In base 16, what is 98 + 71ac?
7244
In base 11, what is -1 + 533a42?
533a41
In base 11, what is -1 - -1665093?
1665092
In base 14, what is -1aa5adb - -4?
-1aa5ad7
In base 5, what is 23 - -22200301?
22200324
In base 10, what is 55 - -1311356?
1311411
In base 14, what is 1 - -c4953c?
c4953d
In base 2, what is -1001010111001101000011011110 + -10?
-1001010111001101000011100000
In base 3, what is 2012200212222 + 12212?
2012201002211
In base 12, what is -37b5 - -1b2?
-3603
In base 10, what is 2953547 + 4?
2953551
In base 8, what is -3 + 26717362?
26717357
In base 3, what is 10002102222 - 1100001?
10001002221
In base 11, what is 3 - -18872667?
1887266a
In base 3, what is -11010 - -202210011100?
202210000020
In base 16, what is -c554 - -c94?
-b8c0
In base 4, what is -22021 + 33122023?
33100002
In base 15, what is 24e21 + -42?
24dce
In base 5, what is -23 - 1100202?
-1100230
In base 16, what is -407d + 814?
-3869
In base 3, what is -12 + 210200201111200?
210200201111111
In base 7, what is -40 + -34000012?
-34000052
In base 6, what is -3 + -31055414?
-31055421
In base 10, what is 151 + 795926?
796077
In base 4, what is 2 - -1203320111?
1203320113
In base 12, what is 434 + a970?
b1a4
In base 15, what is -6957 - 1bb?
-6b23
In base 7, what is 51262 + -60?
51202
In base 4, what is -3 + -2133123013020?
-2133123013023
In base 2, what is 0 - 11011100010110101101100?
-11011100010110101101100
In base 16, what is -51424f - 5?
-514254
In base 8, what is 165 - -12402623?
12403010
In base 15, what is -9b9c12 + -1?
-9b9c13
In base 7, what is -3 - -561046410?
561046404
In base 8, what is 5 - -52434?
52441
In base 15, what is 811bc32b + 3?
811bc32e
In base 7, what is -1130656 + 2650?
-1125006
In base 15, what is -29bb45bb + -1?
-29bb45bc
In base 2, what is 11101101011011 + -1101110?
11101011101101
In base 9, what is -765 + 14143?
13267
In base 8, what is -10107 + -7120?
-17227
In base 10, what is -1803848 + 26?
-1803822
In base 5, what is 20220122 + -1012?
20214110
In base 2, what is 11100001011110100010100001010 + -101?
11100001011110100010100000101
In base 10, what is -7 + 240955?
240948
In base 11, what is 8 - 640482?
-640475
In base 12, what is 32b8584 + 5?
32b8589
In base 9, what is -126003 - 2800?
-128803
In base 15, what is -275 - 16b9?
-193e
In base 7, what is -30412066 + 1?
-30412065
In base 7, what is -1444602233 - -3?
-1444602230
In base 3, what is 1 - -12001201201021110?
12001201201021111
In base 9, what is 0 + -42011645?
-42011645
In base 15, what is 853d + 127?
8665
In base 10, what is -88332293 - 2?
-88332295
In base 10, what is -23134776 - 4?
-23134780
In base 3, what is -21021020212 - -11100?
-21021002112
In base 16, what is -2 - -1cc891?
1cc88f
In base 14, what is -10cbc + -513?
-113d1
In base 10, what is 3 - -210806?
210809
In base 4, what is -1 - -200002030000?
200002023333
In base 9, what is -36 - 481026?
-481063
In base 14, what is 5 + 141bbcc?
141bbd3
In base 12, what is 630ba8 + 2?
630baa
In base 13, what is 40b7b + -2b?
40b50
In base 5, what is 2 + -1230443012240?
-1230443012233
In base 16, what is 61be + -2c1b?
35a3
In base 5, what is -14410403 - -1243?
-14404110
In base 13, what is 2bb9aca0 - -2?
2bb9aca2
In base 9, what is 17756 + -2554?
15202
In base 3, what is -2120 + 1000022100211202?
1000022100202012
In base 5, what is -1414 + -10242334?
-10244303
In base 10, what is -261 + -381881?
-382142
In base 3, what is -2202021221222 + 121?
-2202021221101
In base 11, what is 14 + 9597381?
9597395
In base 4, what is 3 - -2231221?
2231230
In base 10, what is -342973289 - -4?
-342973285
In base 5, what is 11310221 - 130434?
11124232
In base 7, what is 44655 - -34511?
112466
In base 5, what is 0 + -3000213144?
-3000213144
In base 13, what is 54600 - -1?
54601
In base 6, what is -15401113035 + 10?
-15401113025
In base 3, what is -1 - 212211200000222?
-212211200001000
In base 9, what is 24013402 - 6?
24013385
In base 15, what is -27 - 1141265?
-114128c
In base 15, what is 62 - 4cad3?
-4ca71
In base 16, what is 16696 - -cd?
16763
In base 2, what is 1010011111 - -1010011011000?
1011101110111
In base 12, what is b34 + 16?
b4a
In base 11, what is 169 + 2374943?
2375001
In base 15, what is -1 - ee50904?
-ee50905
In base 10, what is -2246458 + -2?
-2246460
In base 6, what is 200015133 - -14?
200015151
In base 7, what is 332316 + -1134?
331152
In base 14, what is 1967 - -47d0?
6357
In base 10, what is -70495 - 155?
-70650
In base 7, what is -504 + 130443?
126636
In base 6, what is 10240223 - -1403?
10242030
In base 4, what is -120102110233 - -2?
-120102110231
In base 6, what is 2 + -10501433232?
-10501433230
In base 12, what is 1a270b - 54?
1a2677
In base 3, what is -2110102 + 2122010?
11201
In base 5, what is -43321 - 2030132?
-2124003
In base 4, what is -122130320303230 - 0?
-122130320303230
In base 6, what is 21 - 150343353?
-150343332
In base 7, what is 23512543425 - 3?
23512543422
In base 5, what is -34032021 + 231?
-34031240
In base 11, what is -1 - -31396556?
31396555
In base 5, what is 2404244 + -12211?
2342033
In base 13, what is -17989 + 54?
-17935
In base 3, what is -2 + -2101122202010021?
-2101122202010100
In base 12, what is -582733 + -18?
-58274b
In base 9, what is 3106468251 - -4?
3106468255
In base 2, what is -1000